4352?
False
Does 21 divide 290060252?
False
Is 8365680 a multiple of 405?
True
Is 683910981 a multiple of 750?
False
Does 312 divide 402390131?
False
Is 118790324 a multiple of 1618?
True
Does 192 divide 2352576?
True
Is 99730974 a multiple of 21?
True
Is 37 a factor of 2291378?
False
Does 331 divide 9350088?
True
Is 201938704 a multiple of 44?
True
Is 2222 a factor of 3138171505?
False
Is 10 a factor of 7600050?
True
Does 21 divide 1655690001?
True
Is 78 a factor of 401149415?
False
Does 279 divide 1197885?
False
Does 24 divide 570353712?
True
Is 218078883 a multiple of 1291?
False
Is 19 a factor of 56286797?
True
Does 21 divide 1548270980?
False
Does 678 divide 1083976070?
False
Is 40718385 a multiple of 3401?
False
Is 340467400 a multiple of 1300?
True
Is 1481256852 a multiple of 51?
True
Is 5294801083 a multiple of 1265?
False
Is 87640309 a multiple of 12?
False
Does 879 divide 393041167?
False
Does 600 divide 15594600?
True
Does 8 divide 6551927?
False
Is 1476 a factor of 24022754?
False
Is 600336650 a multiple of 561?
False
Is 109 a factor of 113208904?
False
Does 11 divide 94874384?
True
Is 156445263 a multiple of 28?
False
Is 35181641 a multiple of 1661?
True
Does 89 divide 1274791354?
False
Is 854 a factor of 11470892?
False
Is 103826464 a multiple of 6?
False
Is 74 a factor of 716566171?
False
Is 152597796 a multiple of 309?
True
Does 6854 divide 2713210732?
True
Is 7494336 a multiple of 24?
True
Does 43 divide 1285016750?
False
Is 3 a factor of 15209643?
True
Does 110 divide 173623890?
True
Does 6 divide 52866339?
False
Is 223 a factor of 373164715?
False
Is 847 a factor of 119421006?
False
Is 52614203 a multiple of 14?
False
Is 35 a factor of 66502640?
False
Does 12 divide 230579508?
True
Is 1490 a factor of 118602510?
True
Is 6469763 a multiple of 59?
True
Is 942 a factor of 73866930?
True
Does 23 divide 866417452?
True
Does 2274 divide 51528840?
True
Is 2848132876 a multiple of 60?
False
Is 1536320786 a multiple of 1573?
True
Does 17 divide 243223590?
True
Is 489 a factor of 10765335?
True
Is 6715375666 a multiple of 17?
True
Does 2 divide 33603405?
False
Is 874 a factor of 9971466?
True
Is 40888504 a multiple of 4898?
True
Is 4733417 a multiple of 61?
True
Is 2526 a factor of 1345231404?
True
Does 125 divide 8145500?
True
Is 186614544 a multiple of 1013?
False
Is 37904856 a multiple of 348?
True
Is 688665582 a multiple of 501?
True
Does 22 divide 79479957?
False
Is 1293015968 a multiple of 32?
True
Does 81 divide 409833966?
False
Is 7 a factor of 2908550959?
False
Does 60 divide 14089199?
False
Does 188 divide 180269929?
False
Is 539 a factor of 32268852?
True
Is 7 a factor of 378920381?
True
Does 1318 divide 443263518?
False
Is 1084 a factor of 165881268?
True
Does 25 divide 598378000?
True
Is 207073020 a multiple of 665?
True
Is 207914183 a multiple of 43?
False
Is 318 a factor of 8767039?
False
Is 555675 even?
False
Does 9 divide 30040566?
False
Is 9301 a factor of 3843325165?
False
Does 42 divide 540078?
True
Is 269744556 a multiple of 41?
False
Is 36 a factor of 53063868?
False
Is 253 a factor of 202985948?
True
Is 46 a factor of 116850718?
True
Is 8 a factor of 1488513523?
False
Is 13 a factor of 701217171?
False
Is 33318492 a multiple of 12?
True
Is 43786203 even?
False
Is 166 a factor of 185572396?
True
Is 18 a factor of 2594095511?
False
Does 324 divide 172310004?
True
Is 1692 a factor of 259141644?
True
Does 3137 divide 1024744276?
False
Does 5 divide 758298098?
False
Is 19 a factor of 74010190?
False
Is 262779780 a multiple of 515?
True
Is 428 a factor of 914752796?
False
Does 30 divide 17799714?
False
Is 38959328 a multiple of 32?
True
Does 4632 divide 269281320?
True
Is 104010835 a multiple of 474?
False
Is 400 a factor of 3256887506?
False
Does 9 divide 1968114699?
True
Does 393 divide 1022480676?
True
Is 405662329 a multiple of 104?
False
Does 50 divide 61026120?
False
Is 23466932 a multiple of 9?
False
Is 16 a factor of 48788208?
True
Does 255 divide 2153243276?
False
Is 33 a factor of 1414856388?
True
Is 2564 a factor of 1990074631?
False
Is 350 a factor of 3987853?
False
Is 447905754 a multiple of 454?
False
Is 7 a factor of 31862803?
True
Is 239123064 a multiple of 513?
False
Is 13 a factor of 43401360?
False
Is 21 a factor of 1557645453?
True
Is 5 a factor of 7032542?
False
Is 24238424 a multiple of 14?
True
Is 348 a factor of 1566700690?
False
Is 47 a factor of 392800432?
True
Does 63 divide 201194421?
False
Does 166 divide 280515745?
False
Is 2 a factor of 40964045?
False
Is 402 a factor of 1508199480?
True
Is 13 a factor of 441653199?
True
Is 102864329 a multiple of 3589?
True
Is 420475976 a multiple of 196?
False
Does 61 divide 325923?
True
Is 100354905 a multiple of 465?
True
Does 5 divide 24509397?
False
Is 2400001373 a multiple of 6929?
False
Does 257 divide 220582285?
False
Is 23 a factor of 294322630?
False
Does 6 divide 62185515?
False
Is 26 a factor of 116571895?
False
Is 1038 a factor of 389458797?
False
Is 204007530 a multiple of 7?
False
Is 302931729 a multiple of 477?
True
Does 2578 divide 97783540?
True
Is 71 a factor of 283829203?
False
Is 8 a factor of 603340168?
True
Is 580154322 a multiple of 627?
True
Is 130697561 a multiple of 118?
False
Is 31032176 a multiple of 56?
True
Does 96 divide 1291542912?
True
Does 49 divide 200562457?
False
Is 30433720 a multiple of 26?
False
Is 10246018 a multiple of 1622?
False
Does 8 divide 7399333?
False
Is 3305096612 a multiple of 87?
False
Is 5 a factor of 494189128?
False
Is 832924707 a multiple of 7?
False
Does 60 divide 843518303?
False
Is 65265085 a multiple of 18?
False
Is 4389 a factor of 776273652?
True
Does 1616 divide 374367019?
False
Is 6558 a factor of 1104701658?
True
Is 612 a factor of 418769290?
False
Is 62814378 a multiple of 278?
True
Is 78242131 a multiple of 39?
False
Is 1609160684 a multiple of 4646?
True
Is 739 a factor of 226975826?
False
Is 133273219 a multiple of 251?
True
Is 128509325 a multiple of 3115?
True
Is 25962495 a multiple of 5?
True
Is 18428430 a multiple of 3282?
True
Is 350 a factor of 3294200?
True
Does 2187 divide 234829125?
True
Is 10 a factor of 61529203?
False
Does 135 divide 300774465?
True
Is 19855290 a multiple of 13?
True
Does 397 divide 105690531?
True
Is 2490 a factor of 38241420?
True
Is 267274 a multiple of 17?
True
Is 6 a factor of 535823?
False
Is 1838 a factor of 181892961?
False
Is 67 a factor of 144958063?
False
Does 13 divide 77917505?
False
Is 286 a factor of 311293268?
True
Is 138287952 a multiple of 15?
False
Is 36063054 a multiple of 813?
True
Is 54228000 a multiple of 250?
True
Is 591615446 a multiple of 279?
False
Is 98 a factor of 18401815?
False
Does 19 divide 432045237?
True
Is 149758884 a multiple of 11?
True
Is 2 a factor of 1322661?
False
Does 12 divide 4499877?
False
Does 1615 divide 30668850?
True
Is 127407234 a multiple of 519?
True
Is 11 a factor of 498712643?
True
Does 5 divide 5540520?
True
Is 11 a factor of 376091177?
True
Is 238 a factor of 332319806?
False
Does 72 divide 32137848?
True
Is 15 a factor of 614973285?
True
Is 875636 a multiple of 1233?
False
Does 16 divide 319281529?
False
Is 2747 a factor of 62180159?
False
Does 38 divide 2952654036?
True
Is 306578558 a multiple of 11?
True
Is 345 a factor of 7007621?
False
Is 23 a factor of 6644746?
True
Is 6935875 a multiple of 4?
False
Is 93431100 a multiple of 84?
True
Is 4160967663 a multiple of 21?
False
Does 15 divide 810032970?
True
Is 35 a factor of 28823493?
False
Is 16612923 a multiple of 183?
True
Does 464 divide 11891392?
True
Is 230143576 a multiple of 1453?
True
Is 526 a factor of 25933904?
True
Does 16 divide 21209096?
False
Does 8 divide 51806648?
True
Is 19975749 a multiple of 619?
True
Does 37 divide 93419080?
True
Does 241 divide 15269197?
False
Is 296 a factor of 940809064?
True
Is 684 a factor of 40986648?
True
Is 16 a factor of 7814112?
True
Is 63126557 a multiple of 13?
True
Is 108124896 a multiple of 204?
True
Is 512521400 a multiple of 6?
False
Does 2057 divide 67623875?
True
Is 1957134576 a multiple of 1299?
False
Is 383455905 a multiple of 2863?
True
Is 116389185 a multiple of 63?
False
Is 115 a factor of 458664850?
True
Does 36 divide 109529532?
True
Is 29053422 a multiple of 122?
False
Is 34 a fact